-4
Suppose -5*n + 12*w + 24 = -6*n, 4*n = 2*w + 4. Let d(i) = 3*i + 59. Determine d(n).
59
Suppose -2*u - 2250 + 2258 = -q, 4*u - 28 = 5*q. Let m(d) be the first derivative of d + 21 - 3/2*d**u. Give m(1).
-2
Let h(j) = -j**2 + 10*j + 2. Suppose 12*g = -9*g + 1992 - 1740. What is h(g)?
-22
Let i = -430 + 500. Suppose 72*l - i*l = -6. Let v(q) = q - 1. What is v(l)?
-4
Let y(a) = -15 + 6*a**3 - 3*a + 26*a**2 + 2*a**3 - 24 - 6*a**3 - 4. Calculate y(-13).
-4
Let o(n) be the third derivative of -n**5/30 - 7*n**4/24 - n**3/3 - 2766*n**2. Determine o(-3).
1
Let o(g) = 6*g - 1. Let y(i) = -11*i + 2. Let c(p) = 7*o(p) + 3*y(p). Suppose l = -l, 0 = 4*u - 4*l - 8. Let q be (-5 + 6 + u)/(9/6). What is c(q)?
17
Let a(k) be the second derivative of k**5/20 - 2*k**4/3 + k**3 + 13*k**2/2 + 1144*k. Determine a(7).
6
Suppose 69*x - 74*x + 20 = 5*l, -9 = -4*x + 3*l. Suppose 0 = -3*o + 2*r + 9 + x, 5*o - 20 = 5*r. Let i(w) = -3 - 2*w + 2*w - w**2. Determine i(o).
-19
Let y(f) be the third derivative of f**5/60 - f**4/8 + f**3/6 - 8*f**2. Suppose -4*j + 36 = -5*k, -117*k = -3*j - 122*k - 8. What is y(j)?
5
Let d(s) = -6*s**3 + 56*s**2 + 24*s - 5. Suppose 0 = 3*w + 129 - 123. Let m(b) = -b**3 + 11*b**2 + 5*b - 1. Let q(f) = w*d(f) + 11*m(f). Calculate q(-8).
7
Let a(n) = n - 1. Let s be a(5). Suppose -2*d = -d - s. Let p(t) = t**2 - 2*t. What is p(d)?
8
Let b(j) = -12 + 10 - 16 + 2*j + 5*j - 32. Give b(6).
-8
Suppose 2*l - 3*z - 18 = 0, l + 5*z + 29 = 4*l. Let p(y) be the first derivative of y**4/4 - 2*y**3/3 - y**2 + 2*y - 144. Calculate p(l).
5
Let w(n) = n - 1. Let g(k) = 4*k + 5. Let m(l) = g(l) - 6*w(l). Let f be (-1)/((-24)/(-5) - 5) + 4. Determine m(f).
-7
Let b be 13/(2 + -10 - -7) + (71 - 40). Let c(y) = -20*y - 8*y + 32 + y**2 + 8*y. Give c(b).
-4
Let l(q) be the first derivative of -37*q + 2/3*q**3 + 23 - 1/20*q**5 - 1/4*q**4 + 3*q**2. Let a(p) be the first derivative of l(p). Determine a(-4).
6
Let d(t) = 3*t + 42. Let i be d(34). Let r(g) = -i - 10*g - 4*g**2 + 2*g + 3*g**2 + 138. Let a(w) = w**2 + 8*w + 4. Let b be a(-6). Calculate r(b).
-6
Let j(z) = -24*z - 19. Suppose 93 - 97 = 2*l. What is j(l)?
29
Let z(j) = j**2 + 9*j - 67. Let x be (-14 + 4 - (0 - 18))*7/(-4). Give z(x).
3
Suppose -2*z - 5*a + 19 = -4*z, -z = 3*a + 4. Let h(i) = i**2 + 6*i - 18. Give h(z).
-11
Let k be (-1 - 2)/(-3*15/135). Let l(q) = q**3 - 9*q**2 - q + 5. Give l(k).
-4
Let i(z) = -11*z**3 + 21*z**2 + 9*z + 55. Let n(x) = -13*x**3 + 22*x**2 + 10*x + 56. Let g(t) = 7*i(t) - 6*n(t). What is g(-15)?
4
Let a(u) be the second derivative of -u**4/12 - u**3/2 - 3*u**2 - 24*u. Let h be 78/(-24) + (4/16 - 0). Calculate a(h).
-6
Suppose -46*j + 36 = -49*j + 3*n, 4*j + 23 = -n. Let x(s) = s**3 + 6*s**2 - 3*s + 12. Give x(j).
-16
Let g(m) = m**2 - 31*m + 69. Suppose 30*d + 69*d - 3886 = -35*d. Calculate g(d).
11
Let z(d) = 5 - 2 + 781*d + d**2 + d**2 - 778*d + d**3. Let n = 1 + -3. Determine z(n).
-3
Let v(z) = z**3 + 6*z**2 + 8*z - 6. Let g(r) = -r**2 + 74*r - 1324. Let n be g(44). Determine v(n).
-6
Let m(i) = -i**2 + i + 1. Suppose 3*h = 2*w + 7, 0 = -4*w + 2*h - 5*h - 5. Determine m(w).
-5
Let s = -103 + 123. Let c be (s/(-4))/((-2)/(-2) + -2). Let n(j) = 25*j - 43*j + 19*j. Give n(c).
5
Let g(s) be the second derivative of s**5/60 - 7*s**4/24 - 2*s**3/3 - 26*s**2 + 114*s. Let p(u) be the first derivative of g(u). Determine p(8).
4
Let h = -213 - -221. Let n(p) = -13*p + 103. Calculate n(h).
-1
Let s(r) = -r**2 - 2*r + 99. Let k be s(-11). Suppose k = -7*v + 71 - 29. Let m(q) = q**3 - 4*q**2 - 7*q - 5. What is m(v)?
25
Let y(h) = -3*h**2 + 8*h - 3. Let o = -6704 - -6707. What is y(o)?
-6
Let v(a) = -2*a**2 + 9*a - 5. Let p(q) = -2*q + 2 - 48*q**2 - 64*q**2 + 113*q**2. Let i(n) = -5*p(n) - 2*v(n). Give i(-7).
7
Let m(z) = z + 10. Let b be -32 + 30 - (26 - -2)/(-2). Let p = 4 + 2. Suppose -3*o = p + b. Determine m(o).
4
Let f = 8841 - 8830. Let p(a) = a**2 - 10*a - 5. Determine p(f).
6
Let v(p) = 3*p**2 - 127*p + 129. Let y be v(1). Let z(j) = 6*j**2 - 10*j - 3. Let x(d) = d**2 - d + 1. Let a(b) = 4*x(b) - z(b). Determine a(y).
-13
Suppose -4*r = -16*r + 60. Let q(c) = 18*c - 92. Let f be q(r). Let l(v) = v**3 - 2*v**2 - 2*v. Give l(f).
-12
Suppose -13*b + 2 = -9*b - 2*m, 4*b + 3*m = 27. Let n(y) be the third derivative of -1/24*y**4 + 0*y + 0 + 2/3*y**3 + y**2. Calculate n(b).
1
Suppose -28 = 4*a - 11*a. Let b(i) = -2*i**2 + 3 - 3*i**2 + i**3 + 8*i - i - 3*i. Determine b(a).
3
Suppose -3*n + 31 - 25 = 0. Let h(d) = -228057 - 2*d**3 - 2*d + 228057 + 4*d**n. Calculate h(3).
-24
Let b(h) = h**3 - 3*h**2 - 2*h + 2. Let t be b(3). Let d(o) = -o - 4. Let g be d(t). Let i(a) = a**2 - 12. What is i(g)?
-12
Let o(d) = d**2 - 14*d + 60. Let l(c) = -c**2 - 46*c + 1243. Let x be l(-65). Give o(x).
12
Let d(q) = -6*q - 2. Suppose -l - 190 + 191 = -j, -2*j = 5*l - 33. Determine d(l).
-32
Let b(s) = -2*s**3 - 3*s + 1. Let y(m) = 9*m**3 - 7*m**2 + 16*m. Let g(o) = -4*b(o) - y(o). Give g(5).
26
Suppose 0 = -2*l + 2*o + 18, 2*l - 65*o - 6 = -69*o. Let s(c) = -c - 1. Let a(p) = p**2 - 6*p - 1. Let t(y) = a(y) - 2*s(y). Calculate t(l).
22
Let n(s) = 6*s + 18. Let q be n(-3). Suppose -2*d - 2*b + 12 = q, -10*b - 15 = -d - 14*b. Let m(g) = -3*g**3 - 5*g + 2*g**2 + 2*g**3 + 3 + 3*g**2. Give m(d).
6
Let h(o) = 9*o**2 - 10*o - 3. Let b(v) = -10*v**2 + 11*v + 4. Suppose -63*m - 114 = -82*m. Let c(k) = m*b(k) + 7*h(k). Calculate c(2).
7
Suppose x = 5*m - 8, 3*m - 14 = -8*x + 4*x. Let o(g) = -3*g**2 - 3. Let v(q) = 5*q**2 + 8. Let s(y) = x*v(y) + 5*o(y). Calculate s(-1).
-4
Let r = -914 + 916. Suppose 0 = -r*c + 60 - 42. Let l(f) = f - 14. What is l(c)?
-5
Let f(c) = c**3 + 6*c**2 + 6. Let s(v) = -59*v + 62*v - 1 - 4. Let d be s(3). Suppose d*i + 49 = 25. What is f(i)?
6
Let j(n) = n**2 + 2*n - 1. Suppose 2*b + 5 = y, 2*b = -3*y - 1 - 8. Suppose d + 4*d - 2*f = 88, -3*d + 4*f + 64 = 0. Let a be (-4)/d*(-11 - b). What is j(a)?
7
Let i(g) = 22 + 8*g**2 + 0*g + 3*g - 9*g**2. Let n be i(-3). Let c(z) = n*z**2 - 11*z**2 + 5*z**2 - 2 + 3*z**2 + 7*z. Give c(-7).
-2
Let q(h) = h**3 + 12*h**2 + 20*h + 7. Let y be q(-10). Suppose -23 = -8*c - y. Suppose c*f + 21 = 5*f. Let b(j) = j**3 - 7*j**2 + j - 5. What is b(f)?
2
Let y(t) = 4*t - 130. Let j(u) = 112*u + 480. Let p be j(-4). Calculate y(p).
-2
Let k = 0 - 3. Let o(f) = -33463 + 16732 + 16735 + f**2 + 6*f. What is o(k)?
-5
Let u(k) = 10*k**2 + k. Suppose 3*r - 3*o - 26 = -o, -3*o = 3. Suppose 0 = r*l - 1 + 9. Give u(l).
9
Let k = -10 + 14. Suppose 3*y = k*v - 2, 0*y + y + 2 = 2*v. Suppose 3*q - 4 = 2*a, 3*q - 20 = -0*q - v*a. Let j(u) = -u**3 + 4*u**2 - 4*u + 6. Determine j(q).
-10
Let f(s) be the third derivative of 5*s**4/24 + 17*s**3/6 + 52*s**2 + 2*s - 2. Determine f(-11).
-38
Let b(i) = 5*i**2 + 10*i + 5. Let a(k) = -27*k**2 - 56*k - 23. Let f(x) = -2*a(x) - 11*b(x). Give f(-4).
-33
Let z(s) = 7*s - 13. Let i(v) = -20*v + 41. Let j(p) = -2*i(p) - 7*z(p). What is j(5)?
-36
Let w be (1 + 10)*(4 - 3). Let x(s) be the first derivative of -s**2 + 28*s - 680. What is x(w)?
6
Let q(s) = 4*s + 5. Let v be (-120)/(-50)*(-90)/4. Let w be ((-81)/v)/((-2)/(-20)). Let p be (-10)/w*(0 + 6). Determine q(p).
-11
Suppose 4*k - 5*a = k + 82, 4*k - 116 = 5*a. Suppose -k = -i - 43. Let w(t) = -t**3 - 10*t**2 - 14*t - 5. Calculate w(i).
40
Let x(q) = -1667*q - 11663. Let p be x(-7). Let c(s) = -3 - 4*s + 1 - 1 + 0. Determine c(p).
-27
Suppose -186 = -17*c - 458. Let s(y) = -y**2 - 16*y + 6. Calculate s(c).
6
Let y(i) = 2*i**2 + 1. Let u(v) = -35*v - 40. Let d be u(-4). Let x be 102 - (6/12 + 1/2). Let o = d - x. What is y(o)?
3
Let t(w) = 3*w + 2 - 2 + 1. Let m(k) be the third derivative of -k**6/120 + 3*k**5/20 - k**4/12 + 8*k**3/3 - 40*k**2. Let j be m(9). Determine t(j).
-5
Let l be (-279)/9 + (3/(-3) - -4). Let s = l - -31. Let i(g) = -7*g**3 + 8*g**s - 2*g - 2 - 5*g**2 + 2*g. What is i(4)?
-18
Let v be (((-6)/8)/1)/(18/(-72)). Let w be 3/(-12)*-2*-4*v. Let g(q) = 2*q**2 + 9*q + 1. Calculate g(w).
19
Let q(b) = 7*b**2 - 43*b + 247. Let g(s) = 3*s**2 - 21*s + 102. Let l(z) = 5*g(z) - 2*q(z). Calculate l(10).
-74
Let d(i) = -i**3 + 34*i**2 + 7*i - 236. Let v(m) = 7*m**2 - 10*m + 26. Let w be v(2). What is d(w)?
2
Suppose 2*u - 102 + 90 = 0. Suppose -64*h - u = -63*h. Let a(m) =